r when 11607205 is divided by 9.
4
Calculate the remainder when 1241571599 is divided by 18183.
18176
Calculate the remainder when 25263858 is divided by 2.
0
Calculate the remainder when 12703893 is divided by 9.
6
What is the remainder when 800778 is divided by 804?
798
Calculate the remainder when 2637949 is divided by 85095.
4
What is the remainder when 5861748 is divided by 2930835?
78
Calculate the remainder when 3718551 is divided by 929592.
183
What is the remainder when 627979 is divided by 605?
594
Calculate the remainder when 296149 is divided by 131.
89
What is the remainder when 2816494 is divided by 54?
16
What is the remainder when 152590 is divided by 295?
75
What is the remainder when 108684460 is divided by 89?
63
Calculate the remainder when 3043692 is divided by 218.
194
Calculate the remainder when 932830 is divided by 346.
14
Calculate the remainder when 515988 is divided by 2654.
1112
Calculate the remainder when 2134225 is divided by 14.
9
Calculate the remainder when 63700 is divided by 587.
304
Calculate the remainder when 104430 is divided by 8685.
210
Calculate the remainder when 109986383 is divided by 9998762.
1
What is the remainder when 1560543 is divided by 776?
7
Calculate the remainder when 137205 is divided by 1102.
557
What is the remainder when 18225866 is divided by 1469?
1452
What is the remainder when 19467458 is divided by 27?
26
What is the remainder when 5645311 is divided by 26?
9
Calculate the remainder when 9875 is divided by 9820.
55
What is the remainder when 1313737 is divided by 656861?
15
Calculate the remainder when 14140371 is divided by 4713444.
39
Calculate the remainder when 342463 is divided by 51.
49
Calculate the remainder when 387823 is divided by 193906.
11
Calculate the remainder when 378447 is divided by 1088.
911
Calculate the remainder when 1034552 is divided by 9238.
9134
Calculate the remainder when 216642 is divided by 87.
12
What is the remainder when 2631088 is divided by 157?
82
What is the remainder when 3265850 is divided by 11919?
44
Calculate the remainder when 2255096 is divided by 2255076.
20
What is the remainder when 16382547 is divided by 135?
27
Calculate the remainder when 3980986 is divided by 540.
106
Calculate the remainder when 458623 is divided by 11464.
63
What is the remainder when 1851029 is divided by 1488?
1445
Calculate the remainder when 6826712 is divided by 35.
32
What is the remainder when 7562549 is divided by 467?
418
Calculate the remainder when 126648 is divided by 62758.
1132
Calculate the remainder when 2267145 is divided by 2153.
36
Calculate the remainder when 25537570 is divided by 1690.
1670
What is the remainder when 843197 is divided by 893?
205
What is the remainder when 580624 is divided by 8414?
58
Calculate the remainder when 942709 is divided by 336.
229
What is the remainder when 8542402 is divided by 371407?
41
Calculate the remainder when 58560986 is divided by 3221.
3206
Calculate the remainder when 21642 is divided by 1081.
22
What is the remainder when 487696 is divided by 136?
0
Calculate the remainder when 192895 is divided by 88.
87
Calculate the remainder when 887474 is divided by 2826.
110
Calculate the remainder when 77751123 is divided by 11.
10
What is the remainder when 16071231 is divided by 5357000?
231
Calculate the remainder when 431555 is divided by 666.
653
Calculate the remainder when 965185 is divided by 43.
7
What is the remainder when 38809165 is divided by 52?
5
What is the remainder when 65774 is divided by 476?
86
Calculate the remainder when 747656 is divided by 6021.
1052
What is the remainder when 38029 is divided by 1088?
1037
What is the remainder when 164006 is divided by 40976?
102
What is the remainder when 162701843 is divided by 19?
17
Calculate the remainder when 480794 is divided by 10685.
10654
Calculate the remainder when 212446325 is divided by 9058.
9051
What is the remainder when 1136003 is divided by 142?
3
Calculate the remainder when 3312841 is divided by 1399.
9
Calculate the remainder when 7535681 is divided by 198.
197
What is the remainder when 764225 is divided by 254734?
23
What is the remainder when 1415853 is divided by 42904?
21
What is the remainder when 36739551 is divided by 23?
18
What is the remainder when 12539546 is divided by 87689?
19
Calculate the remainder when 19788 is divided by 2913.
2310
What is the remainder when 5769723 is divided by 2665?
2663
Calculate the remainder when 4502397 is divided by 409299.
108
Calculate the remainder when 141824 is divided by 159.
155
What is the remainder when 391746 is divided by 1456?
82
What is the remainder when 24542994 is divided by 1515?
1509
Calculate the remainder when 5755392 is divided by 338550.
42
What is the remainder when 385293 is divided by 25?
18
What is the remainder when 10400666 is divided by 3578?
2998
Calculate the remainder when 71187753 is divided by 2260.
13
Calculate the remainder when 30507971 is divided by 152.
51
What is the remainder when 1299911 is divided by 185682?
137
What is the remainder when 13208 is divided by 11726?
1482
What is the remainder when 796059 is divided by 419?
378
What is the remainder when 2467 is divided by 862?
743
What is the remainder when 22445863 is divided by 37?
35
Calculate the remainder when 1255617 is divided by 213.
195
Calculate the remainder when 9151349 is divided by 4.
1
What is the remainder when 9184752 is divided by 1836950?
2
Calculate the remainder when 24184 is divided by 7825.
709
Calculate the remainder when 531055753 is divided by 1439.
1437
What is the remainder when 378997 is divided by 378790?
207
Calculate the remainder when 2095218 is divided by 261899.
26
What is the remainder when 7629349 is divided by 100?
49
Calculate the remainder when 110826 is divided by 1607.
1550
Calculate the remainder when 126004703 is divided by 14000521.
14
What is the remainder when 3033316 is divided by 83?
81
What is the remainder when 590798 is divided by 59006?
738
What is the remainder when 1244933 is divided by 73230?
23
Calculate the remainder when 3682 is divided by 1908.
1774
Calculate the remainder when 8765 is divided by 520.
445
Calculate the remainder when 502235 is divided by 102.
89
What is the remainder when 14515520 is divided by 188?
40
What is the remainder when 1426247 is divided by 249?
224
What is the remainder when 341351 is divided by 283?
53
What is the remainder when 180255408 is divided by 3277371?
3
What is the remainder when 36184030 is divided by 96?
94
What is the remainder when 145815022 is divided by 123?
121
Calculate the remainder when 767857 is divided by 773.
268
What is the remainder when 875149 is divided by 604?
557
Calculate the remainder when 307968 is divided by 6285.
3
Calculate the remainder when 31358975 is divided by 123.
2
What is the remainder when 1217339 is divided by 29?
6
What is the remainder when 1630525 is divided by 116465?
15
What is the remainder when 156195605 is divided by 46?
29
What is the remainder when 1195151 is divided by 12544?
3471
What is the remainder when 20556 is divided by 14414?
6142
Calculate the remainder when 143397631 is divided by 28.
27
What is the remainder when 11297065 is divided by 26644?
9
Calculate the remainder when 9396 is divided by 651.
282
What is the remainder when 503477 is divided by 17981?
9
Calculate the remainder when 787736 is divided by 1210.
26
Calculate the remainder when 27601529 is divided by 424638.
59
Calculate the remainder when 29304002 is divided by 42.
14
What is the remainder when 318399 is divided by 28895?
554
What is the remainder when 5457231 is divided by 22?
21
Calculate the remainder when 1325469 is divided by 17.
13
Calculate the remainder when 4553949 is divided by 3202.
705
Calculate the remainder when 12008817 is divided by 2001468.
9
Calculate the remainder when 25070352 is divided by 15.
12
What is the remainder when 5427716 is divided by 1085542?
6
What is the remainder when 533737946 is divided by 127?
126
Calculate the remainder when 1307935 is divided by 2201.
541
What is the remainder when 245538 is divided by 35?
13
What is the remainder when 8708007 is divided by 30?
27
Calculate the remainder when 1269044 is divided by 726.
722
Ca